 is the hundreds digit of 7586?
5
What is the units digit of 27628?
8
What is the units digit of 175?
5
What is the ten thousands digit of 31755?
3
What is the tens digit of 14563?
6
What is the tens digit of 3031?
3
What is the thousands digit of 62407?
2
What is the tens digit of 60394?
9
What is the units digit of 58377?
7
What is the ten thousands digit of 18267?
1
What is the hundreds digit of 21856?
8
What is the tens digit of 370?
7
What is the thousands digit of 1524?
1
What is the tens digit of 9600?
0
What is the units digit of 7479?
9
What is the units digit of 948?
8
What is the hundreds digit of 2514?
5
What is the units digit of 3298?
8
What is the hundreds digit of 2363?
3
What is the thousands digit of 10262?
0
What is the tens digit of 9368?
6
What is the tens digit of 68801?
0
What is the hundreds digit of 9162?
1
What is the ten thousands digit of 59859?
5
What is the tens digit of 3503?
0
What is the hundreds digit of 1987?
9
What is the thousands digit of 5086?
5
What is the hundreds digit of 733?
7
What is the thousands digit of 26130?
6
What is the hundreds digit of 1863?
8
What is the units digit of 65162?
2
What is the units digit of 41873?
3
What is the units digit of 2306?
6
What is the units digit of 4269?
9
What is the ten thousands digit of 20712?
2
What is the thousands digit of 1033?
1
What is the hundreds digit of 8346?
3
What is the units digit of 2914?
4
What is the tens digit of 429?
2
What is the units digit of 768?
8
What is the tens digit of 3088?
8
What is the units digit of 7612?
2
What is the hundreds digit of 83478?
4
What is the ten thousands digit of 122116?
2
What is the ten thousands digit of 11379?
1
What is the ten thousands digit of 13571?
1
What is the units digit of 3773?
3
What is the hundreds digit of 26674?
6
What is the hundreds digit of 806?
8
What is the thousands digit of 3246?
3
What is the tens digit of 4131?
3
What is the ten thousands digit of 110752?
1
What is the thousands digit of 16818?
6
What is the hundreds digit of 14304?
3
What is the ten thousands digit of 146909?
4
What is the thousands digit of 2246?
2
What is the hundreds digit of 439?
4
What is the tens digit of 1097?
9
What is the tens digit of 705?
0
What is the tens digit of 17212?
1
What is the hundreds digit of 455?
4
What is the units digit of 693?
3
What is the hundreds digit of 1055?
0
What is the hundreds digit of 4715?
7
What is the thousands digit of 28718?
8
What is the hundreds digit of 552?
5
What is the tens digit of 44696?
9
What is the hundreds digit of 650?
6
What is the ten thousands digit of 162924?
6
What is the units digit of 15083?
3
What is the tens digit of 829?
2
What is the ten thousands digit of 18662?
1
What is the hundreds digit of 564?
5
What is the tens digit of 3156?
5
What is the units digit of 58751?
1
What is the ten thousands digit of 11926?
1
What is the ten thousands digit of 31685?
3
What is the tens digit of 883?
8
What is the tens digit of 4699?
9
What is the ten thousands digit of 182418?
8
What is the thousands digit of 60213?
0
What is the ten thousands digit of 27379?
2
What is the tens digit of 6026?
2
What is the units digit of 6550?
0
What is the hundreds digit of 57530?
5
What is the units digit of 6746?
6
What is the hundreds digit of 3581?
5
What is the thousands digit of 6012?
6
What is the tens digit of 336?
3
What is the hundreds digit of 18752?
7
What is the tens digit of 425?
2
What is the hundreds digit of 177?
1
What is the thousands digit of 5861?
5
What is the thousands digit of 10467?
0
What is the tens digit of 115?
1
What is the units digit of 44943?
3
What is the ten thousands digit of 117549?
1
What is the units digit of 9506?
6
What is the units digit of 500?
0
What is the hundred thousands digit of 100881?
1
What is the hundreds digit of 42389?
3
What is the thousands digit of 48150?
8
What is the tens digit of 1517?
1
What is the hundreds digit of 1226?
2
What is the thousands digit of 7678?
7
What is the hundreds digit of 36480?
4
What is the tens digit of 3652?
5
What is the thousands digit of 69652?
9
What is the ten thousands digit of 24440?
2
What is the hundreds digit of 1855?
8
What is the tens digit of 923?
2
What is the units digit of 20864?
4
What is the units digit of 127689?
9
What is the hundreds digit of 24564?
5
What is the tens digit of 1443?
4
What is the thousands digit of 26395?
6
What is the tens digit of 29120?
2
What is the hundreds digit of 485?
4
What is the units digit of 3809?
9
What is the units digit of 18760?
0
What is the tens digit of 14647?
4
What is the tens digit of 1654?
5
What is the ten thousands digit of 114271?
1
What is the tens digit of 2289?
8
What is the ten thousands digit of 16816?
1
What is the units digit of 6695?
5
What is the tens digit of 36026?
2
What is the units digit of 38061?
1
What is the units digit of 792?
2
What is the hundreds digit of 20398?
3
What is the hundreds digit of 2527?
5
What is the tens digit of 3389?
8
What is the hundreds digit of 54018?
0
What is the hundreds digit of 832?
8
What is the tens digit of 41232?
3
What is the tens digit of 4485?
8
What is the hundreds digit of 1493?
4
What is the units digit of 47586?
6
What is the hundreds digit of 10824?
8
What is the hundreds digit of 2562?
5
What is the tens digit of 456?
5
What is the tens digit of 173333?
3
What is the thousands digit of 1621?
1
What is the units digit of 24688?
8
What is the units digit of 2181?
1
What is the hundreds digit of 210?
2
What is the tens digit of 19004?
0
What is the tens digit of 532?
3
What is the units digit of 61119?
9
What is the thousands digit of 4265?
4
What is the tens digit of 2840?
4
What is the hundreds digit of 145768?
7
What is the thousands digit of 1109?
1
What is the hundreds digit of 5413?
4
What is the hundreds digit of 3302?
3
What is the tens digit of 1135?
3
What is the hundreds digit of 833?
8
What is the tens digit of 24715?
1
What is the tens digit of 5606?
0
What is the hundreds digit of 48856?
8
What is the thousands digit of 3303?
3
What is the hundreds digit of 32823?
8
What is the units digit of 13576?
6
What is the units digit of 992?
2
What is the units digit of 2912?
2
What is the hundreds digit of 4266?
2
What is the thousands digit of 16043?
6
What is the hundreds digit of 681?
6
What is the units digit of 60775?
5
What is the tens digit of 1067?
6
What is the thousands digit of 6639?
6
What is the hundreds digit of 25179?
1
What is the units digit of 53?
3
What is the thousands digit of 147006?
7
What is the tens digit of 1164?
6
What is the hundreds digit of 11974?
9
What is the hundreds digit of 1266?
2
What is the tens digit of 14391?
9
What is the units digit of 9527?
7
What is the thousands digit of 44078?
4
What is the tens digit of 8007?
0
What is the thousands digit of 30030?
0
What is the ten thousands digit of 27090?
2
What is the units digit of 103340?
0
What is the hundreds digit of 15163?
1
What is the hundreds digit of 2870?
8
What is the tens digit of 13495?
9
What is the tens digit of 119443?
4
What is the units digit of 998?
8
What is the units digit of 2137?
7
What is the tens digit of 1302?
0
What is the hundreds digit of 14544?
5
What is the tens digit of 575?
7
What is the thousands digit of 1198?
1
What is the hundreds digit of 50403?
4
What is the hundreds digit of 2298?
2
What is the thousands digit of 1138?
1
What is the ten thousands digit of 59432?
5
What is the thousands digit of 53174?
3
What is the tens digit of 4083?
8
What is the tens digit of 41?
4
What is the units digit of 81571?
1
What is the hundreds digit of 10660?
6
What is the tens digit of 19121?
2
What is the thousands digit of 3132?
3
What is the thousands digit of 1299?
1
What is the units digit of 8261?
1
What is the thousands digit of 12084?
2
What is the thousands digit of 28484?
8
What is the thousands digit of 5694?
5
What is the tens digit of 5351?
5
What is the tens digit of 1348?
4
What is the tens digit of 9670?
7
What is the ten thousands digit of 97185?
9
What is the thousands digit of 4939?
4
What is the thousands digit of 4595?
4
What is the hundreds digit of 430?
4
What is the tens digit of 24134?
3
What is the hundreds digit of 38854?
8
What is the